be s(-6). Let i(n) = 6 + n**2 + n + n**2 + 6*n + o*n**2. List the prime factors of i(-4).
2, 5
What are the prime factors of 29/1 - (14 + -14)?
29
Suppose -3*z + 6 = -66. Suppose -2*o = -5*h - z, -o + h = 2*o - 49. List the prime factors of o.
17
Let k(q) = q**2 - 3*q + 14. What are the prime factors of k(10)?
2, 3, 7
Let a(p) = -3*p + 5. Let s(b) = 1. Let w(n) = -a(n) + 4*s(n). Let i be w(1). List the prime factors of (-1)/(i/(-6) + 0).
3
Let q be ((-3)/6)/((-1)/8). Suppose 5*y - q = -b, 0 - 8 = -4*y - 2*b. Suppose -i + y*i = m - 5, 2*m = i + 1. List the prime factors of i.
3
Let u = -36 + 66. Suppose 5*q - k - 22 = k, -5*q = 3*k - 17. Suppose -b + q*b = u. What are the prime factors of b?
2, 5
Let u(t) be the second derivative of -t**5/20 + t**3/3 + 20*t**2 - t. List the prime factors of u(0).
2, 5
Let t = 4 + -4. What are the prime factors of 4 - (-1)/(-2)*t?
2
Suppose -5*r - f + 3*f + 25 = 0, 4*f + 20 = 4*r. Suppose s - g - 5 = -3*g, 3*s + r*g - 14 = 0. List the prime factors of s.
3
Suppose -5 - 1 = -s. Suppose -s*c = -5*c - 28. What are the prime factors of c?
2, 7
Suppose -55 = -4*x + 113. List the prime factors of x.
2, 3, 7
Let p(h) = h**2 - 7*h + 8. Suppose -4*j + 5*z + 4 = -15, -5*j - 3*z = -33. List the prime factors of p(j).
2
Let d be 4*(75/(-12) + 3). Let g = 21 + d. List the prime factors of g.
2
Let h(d) = d**3 - 15*d**2 + 15*d + 18. List the prime factors of h(14).
2
Let n be ((-4)/8)/(1/(-8)). Suppose 0 = -n*w + 77 - 9. List the prime factors of w.
17
Suppose 0 = -9*m + 7*m + 20. Suppose 5*l - 90 = -15. Let j = l - m. List the prime factors of j.
5
Suppose -s = -4*s + 252. Suppose v + s = 5*y, 0 = -5*v - 3 - 17. What are the prime factors of y?
2
Let x(r) = r + 3. Let b be x(-3). Suppose 0 = 2*t - b - 10. What are the prime factors of t?
5
Let v(z) = -z + 2. Let h be v(-2). Let m(k) = -28*k**3 - k**2 + k + 1. Let s be m(-1). Suppose -p - s = -h*p. List the prime factors of p.
3
Let s(u) = -u**3 - 18*u**2 - u + 6. What are the prime factors of s(-18)?
2, 3
Let i be 1 + (0 - (-1 + -1)). Let g be -2 + 6/9*i. Suppose 5*z + g*u + u - 65 = 0, -3*z = 4*u - 22. List the prime factors of z.
2, 7
Let s = 4 + -1. Let c = 12 - s. Suppose 4*t + 15 = t, -4*m - 5*t - c = 0. What are the prime factors of m?
2
Suppose 0*d + d = -2. Let n be (5 - 10)*2/d. Suppose 4*p - 12 = 4*a, 0 = 2*a + n*p - 2*p - 19. What are the prime factors of a?
2
Let r = 10 + 36. List the prime factors of r.
2, 23
Let z be (-24)/9*(-3)/4. Let w(m) = 14*m - 5. List the prime factors of w(z).
23
Suppose -y - 5*g - 14 = 2, 2*y = -5*g - 17. Let z = 2 + y. What are the prime factors of (-10 + z)*(-2)/6?
3
Let v(w) = 2*w**2 + 2*w - 1. Let p = 7 - 5. Let k be (-9)/(-3) + (-4)/p. What are the prime factors of v(k)?
3
Let f(x) = -7*x + x + 0*x + x**2 + 15 - 6*x. List the prime factors of f(11).
2
List the prime factors of (2/3)/(4/30).
5
Let g be (6/(-3))/(0 - 1). Suppose g*i - 12 = -4*r + r, -4*r = 4*i - 16. List the prime factors of ((-2)/r)/((-2)/72).
2, 3
Let j(z) = 2*z**3 + z**2 - 2*z + 3. List the prime factors of j(2).
19
Let k(f) be the first derivative of f**3 + 1/4*f**4 + 2*f + 2 - 3/2*f**2. List the prime factors of k(-3).
11
Let z be (-1)/2*-6 + -3. Suppose 3*x + z*x = 72. What are the prime factors of x?
2, 3
Suppose -g = -25 - 11. List the prime factors of g.
2, 3
Let c(o) = 2*o**2 - 5*o - 2. Let j be c(4). Let a(u) = -u**2 + 0*u**3 + 6 - j*u - u**3 + 12*u**2. List the prime factors of a(10).
2, 3
Let y(s) = s**2 + s - 1. Let l(x) = -x**3 + 5*x**2 + 4*x - 4. Let d(g) = l(g) - 4*y(g). Suppose q + 0*q + 1 = 0. List the prime factors of d(q).
2
Suppose -l - 4*a = -1, -2*a = -6*a. Let c(p) = 5*p**2 + 2*p - 1. List the prime factors of c(l).
2, 3
Let w be 1 + -2 + (-5 - -5). Let b be (-1)/(w + 0 - -2). What are the prime factors of (-2)/(-1) + (-10)/b?
2, 3
Let z be (-156)/(-1*12/16). What are the prime factors of (-6)/(-18) - z/(-6)?
5, 7
Let c(l) = -l**3 + 5*l**2 - 3*l - 2. Let h be c(4). What are the prime factors of (-324)/(-42) - h/(-7)?
2
Let u(w) = -w**2 + 11*w - 12. Let i be u(8). Suppose 10 = 2*b - i. What are the prime factors of b?
11
Suppose 5*d = -5*f, 6*f + 4*d - 5 = f. Suppose -f*i + 6 = -4. Suppose c + i = 12. List the prime factors of c.
2, 5
Let b be ((-6)/(-9))/2*18. Suppose -2*n + 14 = -0*n - 4*u, -3*n - 5*u = -76. Let k = n - b. List the prime factors of k.
11
Suppose 7*z - 4 = 6*z. Suppose 6*b - 104 = z*b. What are the prime factors of b?
2, 13
Suppose 5*d - 35 - 190 = 0. What are the prime factors of d?
3, 5
Let s be ((-86)/(-4) - 0)*-2. Let i = s - -71. What are the prime factors of i?
2, 7
Let h(j) = -j**2 + 11*j - 20. Let u be h(9). Let p(n) = 0*n - 2 - 3*n - 4*n. What are the prime factors of p(u)?
2, 3
Let z be (-1)/((-36)/(-16) - 2). List the prime factors of (8 + -5)*z/(-3).
2
Let j = -198 + 355. List the prime factors of j.
157
Suppose -43 = -3*g - 5*h, 4*g - 2*h = 2*h + 4. List the prime factors of ((-30)/5)/(g/(-8)).
2
Let u be (-71 - 10)/(1 + -2). Suppose u = 2*q - 5*r, -4*q - 4*r + 170 = -6*r. List the prime factors of q.
43
Suppose 0 = 3*u - 36 - 108. List the prime factors of u.
2, 3
Let d(j) = -3*j**3 - 3*j**2 - 4*j - 3. Let f be 3 + (2 - 5 - 2). List the prime factors of d(f).
17
Let w(h) = 28*h - 16. What are the prime factors of w(11)?
2, 73
Let m = 8 - 6. Let c = -2 + m. List the prime factors of 9/(c + 3) + 0.
3
Suppose 5*v - 2 - 108 = 0. List the prime factors of ((-15)/(-10))/(1/v).
3, 11
Suppose 0 = -3*b - 2 - 10. List the prime factors of (48/b)/(-5 + 3).
2, 3
Suppose 0 = 2*t + 3 - 9. Suppose -3*j + 8 = 2*b, -4*j - 2*b + 7*b + 26 = 0. Let x = t + j. What are the prime factors of x?
7
Suppose -135 = 4*d - d. Let a = -28 - d. List the prime factors of a.
17
Let f = 10 + -10. Suppose f = 4*v + 2*c - 44, 3*v + 3*c - c = 32. What are the prime factors of v?
2, 3
Let m be 1644/21 - 2/7. Suppose 4*z = -2*y - 3*y + m, -4*z = 2*y - 36. Let f = y + -4. What are the prime factors of f?
2, 5
Let w = 56 + -29. Suppose 2*r = r + w. Suppose r = 2*s + 3*z, -s + 4*z = s - 62. What are the prime factors of s?
3, 7
What are the prime factors of 4*3/(3/4)?
2
Let r = 18 - -3. List the prime factors of r.
3, 7
Let m(s) = s**2 + 11*s - 3. Let f = 0 + -9. Let o(y) = 4*y**2 + 44*y - 12. Let z(w) = f*m(w) + 2*o(w). List the prime factors of z(-11).
3
Suppose -5*f + g - 3 = -0*f, f - 2*g = -6. Suppose f = 2*l - 2*r - 12, 5*l - 64 = -4*r + 11. Let y = l - 8. What are the prime factors of y?
3
What are the prime factors of (20 - 23) + 0 + 61?
2, 29
Suppose -5*x = -6 - 14. Suppose -3 = 3*z, -15 = -j + 5*z - x*z. Suppose -k + 1 = -2*c - 9, -j = -2*k + c. List the prime factors of k.
2, 3
Let m(v) = 10*v - 2. Let r be m(2). Let o = r + -13. Suppose 0*z = -o*z + 55. List the prime factors of z.
11
Let l = -33 - -62. What are the prime factors of l?
29
Let r(o) = -1 + 2 + 3*o - 2. List the prime factors of r(4).
11
Suppose -j + 9 = -2*j. Let g = j - -20. What are the prime factors of g?
11
Suppose 3*s - 2*a - 8 + 2 = 0, -5*s - 2*a = -26. Suppose 0*v + 12 = s*v. What are the prime factors of v?
3
Let i(w) = 15*w**3 - 1. Let h be i(-1). What are the prime factors of h/20*-4*5?
2
Suppose 0 = 4*s - 4*w - 28, -4*s + 5*s = -w - 1. Suppose -s*f + 71 = -7. What are the prime factors of f?
2, 13
Let x be -1 - (-4 + 1 - -6). Let z be 0 - -1 - (-3 - x). Let q = z + 16. What are the prime factors of q?
2
Let p(s) = -s**3 + 4*s**2 - 3*s + 3. Suppose 9 = 3*f + 5*o, 0*f + 2*o - 9 = -3*f. Let g be p(f). Suppose 5 = g*v - 7. What are the prime factors of v?
2
Let x be 3/(-3) - (-2 - 3). Let r = x + 0. What are the prime factors of r?
2
Suppose z = -5*k + k - 12, 2*z = -k - 3. What are the prime factors of -2*(-15)/k*-1?
2, 5
List the prime factors of 18/(-6) + -2 + 22.
17
Let f = -55 + 120. What are the prime factors of f?
5, 13
Suppose 0 = g + 3*g + 64. Let i = g - -22. Let q = 16 - i. List the prime factors of q.
2, 5
Suppose -2*m + 50 + 46 = -5*y, -m + 41 = y. What are the prime factors of m?
43
Suppose 2*n - 3 - 3 = 0. Suppose 83 = 5*f + b, f - 23 = -f + n*b. List the prime factors of f.
2
Let c(x) = 3 - 5*x - x - 4 - x. Suppose 3*g + 13 = -g + 5*y, g - 5*y + 7 = 0. What are the prime factors of c(g)?
13
Let b = 60 - 55. What are the prime factors of b?
5
Suppos